
-6
Let t(q) = -q**2 + q - 35. Give t(0).
-35
Let n(s) = 2*s**2 - 7*s + 7. Determine n(5).
22
Let l(j) = -5*j**2 + 20*j + 19. What is l(-1)?
-6
Let j(g) = g**3 - 6*g**2 + 11*g - 8. Calculate j(4).
4
Let z(i) = i**2 - 5*i + 2. Calculate z(2).
-4
Let z(n) = -n**2 + 10*n + 12. Calculate z(11).
1
Let g(d) = d**3 - 15*d**2 + 10*d - 35. Give g(15).
115
Let t(i) = 4*i + 9. Calculate t(-5).
-11
Let s(m) = 2*m**2 - 2*m + 14. What is s(0)?
14
Let a(m) = -m**3 + 20*m**2 + 23*m - 43. Calculate a(21).
-1
Let z(x) = 2*x**2 - 8*x - 5. Determine z(5).
5
Let m(l) = -l + 3. What is m(4)?
-1
Let s(q) = -q**3 + 17*q**2 + 3*q - 9. Calculate s(17).
42
Let s(i) = -2*i**2 - 48*i + 61. Calculate s(-25).
11
Let o(n) = -23*n - 21. Calculate o(-9).
186
Let g(l) = l**2 + 13*l - 145. Calculate g(-20).
-5
Let d(u) = u**3 - 8*u**2 + 3*u - 111. Determine d(9).
-3
Let q(a) = -4*a. Calculate q(-1).
4
Let w(t) = 12*t**2 + 132*t - 7. What is w(-11)?
-7
Let y(j) = -j**3 + 2*j**2 - 4*j. Give y(3).
-21
Let a(x) = x**3 - 3*x**2 - 3*x - 8. Give a(4).
-4
Let k(o) = -25*o - 99. Give k(-4).
1
Let w(r) = -r**2 + r + 8. Give w(4).
-4
Let t(c) = c**3 + 13*c**2 - 68*c - 22. Determine t(-17).
-22
Let w(x) = -x + 35. Calculate w(14).
21
Let a(g) = g**3 - 10*g**2 + 8*g + 5. Determine a(9).
-4
Let g(j) = j**2 + 8*j + 4. What is g(-7)?
-3
Let r(v) = -v**3 + 5*v**2 - 3*v - 4. Give r(6).
-58
Let g(q) = 3*q**2 - 1. Calculate g(1).
2
Let j(p) = -p**3 + 3*p**2 + 4*p - 10. Give j(3).
2
Let l(j) = 7*j**2 + 4*j - 2. Calculate l(1).
9
Let d(r) = -2*r + 28. What is d(-1)?
30
Let g(w) = -2*w**2 + 19*w - 3. Give g(14).
-129
Let n(i) = -3*i**3 + 6*i - 1. Calculate n(-3).
62
Let r(p) = -p**3 - p**2 + 2*p + 4. What is r(-4)?
44
Let l(a) = a**3 - a**2 - 3*a - 1. Calculate l(3).
8
Let b(j) = -j**3 - 7*j**2 + 4*j + 17. Calculate b(-8).
49
Let k(t) = 3*t + 1. Determine k(-2).
-5
Let g(m) = 15*m + 56. Calculate g(-4).
-4
Let x(l) = l - 20. Give x(16).
-4
Let i(o) = o**2 + 14*o - 26. Give i(-12).
-50
Let b(p) = -2*p**2 + 4*p - 1. Calculate b(2).
-1
Let u(z) = -z + 10. Determine u(-17).
27
Let p(u) = u**3 + 12*u**2 - 3*u + 5. Give p(-12).
41
Let i(l) = -l**3 + 24*l**2 - l + 29. What is i(24)?
5
Let y(x) = 7*x**2 - 11*x + 5. Calculate y(2).
11
Let m(l) = 3*l + 19. What is m(-8)?
-5
Let c(t) = -t**3 + 8*t**2 + 14*t - 46. What is c(9)?
-1
Let p(w) = -w**2 - 15*w + 18. What is p(-14)?
32
Let s(x) = -x**2 + 11*x + 8. Determine s(10).
18
Let f(c) = -7*c - 3. What is f(3)?
-24
Let a(k) = k**2 + 6*k + 5. Determine a(-4).
-3
Let w(u) = 5*u**3 + 31*u**2 + 29*u + 2. Determine w(-5).
7
Let k(i) = -i**3 - 53*i**2 - 64*i - 615. Give k(-52).
9
Let v(b) = -4*b**3 - 45*b**2 - 12*b - 10. Determine v(-11).
1
Let a(b) = 2*b**2 + 26*b + 14. Give a(-13).
14
Let n(u) = u**2 - 9*u + 17. Calculate n(5).
-3
Let m(b) = -13*b + 21. Give m(6).
-57
Let h(f) = f**2 - 7*f + 4. Determine h(6).
-2
Let g(n) = 10*n**2 + 49*n - 6. What is g(-5)?
-1
Let k(b) = b**3 - 7*b**2 + 4*b + 1. What is k(6)?
-11
Let g(s) = 9*s**2 - 9. What is g(-3)?
72
Let n(d) = -2*d**2 + 7*d - 2. Give n(5).
-17
Let j(h) = 5*h + 247. Give j(-48).
7
Let w(f) = f**3 - 6*f**2 - 10*f - 3. Determine w(8).
45
Let y(j) = 5*j**3 + 5*j**2 + 3. What is y(-2)?
-17
Let j(y) = 3*y**3 + 3*y**2 + 4*y + 6. Give j(-3).
-60
Let g(i) = -i**3 - 19*i**2 - i - 20. What is g(-19)?
-1
Let c(u) = 3*u**3 - 9*u**2 - 32*u + 3. Determine c(5).
-7
Let u(c) = -c**2 + 8*c - 11. What is u(8)?
-11
Let p(d) = -d**3 - 8*d**2 + 7*d - 21. Determine p(-9).
-3
Let u(i) = -3*i**2 - 11*i + 2. Calculate u(-2).
12
Let o(i) = 6*i + 69. What is o(-12)?
-3
Let o(r) = -r**2 + 3*r + 26. Calculate o(7).
-2
Let m(u) = u**3 - 9*u**2 + 11*u - 5. What is m(8)?
19
Let z(q) = -3*q**2 - 12*q - 8. What is z(-4)?
-8
Let m(w) = w**3 + 15*w**2 - 14*w + 26. What is m(-16)?
-6
Let c(m) = -m**2 + 2*m - 5. Calculate c(5).
-20
Let h(t) = -t**2 - 15*t + 82. Determine h(-20).
-18
Let n(s) = -s + 4. Give n(-8).
12
Let c(i) = -i**3 + 2*i**2 - 6. Calculate c(2).
-6
Let j(t) = -t**2 - 7*t + 13. Give j(-11).
-31
Let r(f) = f**3 - 17*f**2 + 43*f + 10. Determine r(14).
24
Let y(v) = v**2 - 7*v + 11. Determine y(7).
11
Let s(n) = -n**3 + 8*n**2 - 8*n - 4. What is s(7)?
-11
Let s(i) = 21*i**3 - i**2 + 4*i + 5. What is s(-1)?
-21
Let r(q) = -8*q + 31. Calculate r(3).
7
Let v(r) = r**2 - 2*r - 16. Determine v(0).
-16
Let z(a) = -a**3 - 5*a**2 + 3*a - 11. Give z(-6).
7
Let b(l) = -l**3 + 3*l - 5. Calculate b(2).
-7
Let w(i) = i + 2. Determine w(-5).
-3
Let r(a) = 50*a + 9. Determine r(-1).
-41
Let c(k) = -2*k**3 - 11*k**2 + 4*k - 2. Determine c(-6).
10
Let z(p) = p**3 + 26*p**2 - 2*p - 65. Give z(-26).
-13
Let a(k) = k**2 - 5*k. Calculate a(2).
-6
Let u(k) = -k**3 - 2*k**2 - k - 34. Determine u(0).
-34
Let b(o) = 7*o - 2. Give b(3).
19
Let w(m) = -13*m**2 - 6*m. Give w(-1).
-7
Let o(n) = 41*n + 31. Calculate o(0).
31
Let c(p) = 6*p - 236. Calculate c(43).
22
Let c(h) = h**3 + 12*h**2 - 9*h + 2. Determine c(-13).
-50
Let k(o) = o**3 - 16*o**2 + 25*o - 155. Calculate k(15).
-5
Let n(i) = -8*i + 30. Give n(-9).
102
Let w(q) = -q**3 + q**2 + q + 2. What is w(3)?
-13
Let k(z) = z**2 - 9*z + 4. Calculate k(5).
-16
Let d(q) = -q - 54. What is d(-9)?
-45
Let n(i) = i**3 - 14*i**2 + 15*i + 1. Calculate n(13).
27
Let i(n) = n**3 + 2*n - 21. Determine i(0).
-21
Let m(i) = i**3 - 28*i**2 + 74*i - 4. What is m(3)?
-7
Let w(i) = i**3 - 16*i**2 + 2*i - 19. Give w(16).
13
Let i(s) = s**3 + 20*s**2 + 17*s - 51. Calculate i(-19).
-13
Let o(c) = 3*c**2 + 5*c - 2. Determine o(2).
20
Let b(y) = 2*y**2 + 18*y + 12. What is b(-8)?
-4
Let g(z) = z**3 + 6*z**2 - 2*z - 16. Give g(-5).
19
Let d(l) = l**2 + 5*l. Determine d(-7).
14
Let b(c) = c. Calculate b(-7).
-7
Let s(j) = j**3 - 2*j**2 + 3*j - 2. Determine s(1).
0
Let c(s) = -s**3 - 8*s**2 - 17*s - 39. Determine c(-6).
-9
Let w(x) = 28*x - 230. Determine w(8).
-6
Let r(s) = 13*s**2 - 5*s + 2. Give r(-3).
134
Let t(c) = c**3 - 19*c**2 - 18*c - 31. What is t(20)?
9
Let v(k) = -6*k**2. Calculate v(-2).
-24
Let t(l) = -3*l - 37. Determine t(-14).
5
Let a(v) = v**3 + 12*v**2 + 7*v - 9. What is a(-11)?
35
Let x(u) = u**3 - 19*u**2 + 14*u + 83. Determine x(18).
11
Let d(r) = 6*r**2 + 2*r + 1. What is d(-1)?
5
Let a(n) = -n**3 + 21*n**2 - 22*n + 3. Determine a(20).
-37
Let u(c) = c**3 - 25*c**2 + 2*c - 45. Determine u(25).
5
Let d(p) = p**3 - 4*p**2 + 4*p - 5. Determine d(4).
11
Let n(h) = 8*h + 12. Calculate n(0).
12
Let h(k) = -k**2 - 21*k + 30. Give h(-21).
30
Let x(g) = -g**2 - 16*g - 67. Give x(-8).
-3
Let g(l) = l**3 - 9*l**2 - 24*l + 23. Determine g(11).
1
Let m(p) = 5*p**2 + 32*p + 15. Calculate m(-6).
3
Let i(w) = 2*w**2 - 14*w + 3. Calculate i(10).
63
Let t(h) = -h**3 + 7*h**2 + 7*h + 14. Determine t(8).
6
Let z(t) = -t**3 - 7*t**2 - 7*t + 9. Calculate z(-4).
-11
Let c(k) = -10*k. Give c(-2).
20
Let k(g) = g**2 + g + 20. Give k(0).
20
Let p(q) = -17*q - 742. What is p(-44)?
6
Let o(g) = -g**3 - 4*g**2 + 4. Determine o(-4).
4
Let j(b) = b**3 - 8*b**2 + 41*b - 334. What is j(8)?
-6
Let a(w) = w**2 - 9*w - 6. What is a(5)?
-26
Let j(l) = l**2 - 15*l + 34. What is j(5)?
-16
Let n(x) = 2*x**2 - 34. Determine n(-5).
16
Let h(c) = -c**2 - c + 19. What is h(-5)?
-1
Let i(h) = h**3 - 20*h**2 + h - 30. Determine i(20).
-10
Let l(a) = a**3 + 5*a**2 + 6*a - 1. Give l(-4).
-9
Let w(n) = -3*n - 38. Determine w(-17).
13
Let m(f) = 90*f + 5. Give m(1).
95
Let s(z) = -2*z**2 + 5*z + 14. Calculate s(-2).
-4
Let t(j) = 4*j**3 + 22*j**2 - 10*j + 12. Determine t(-6).
0
Let v(y) = -2*y**2 - 8*y - 5. Determine v(-6).
-29
Let w(c) = -16*c - 458. What is w(-29)?
6
Let t(y) = -9*y**2 + 63*y + 5. What is t(7)?
5
Let x(j) = -j**3 - 19*j**2 - 20*j - 20. Give x(-18).
16
Let d(m) = 5*m - 134. What is d(27)?
1
Let a(f) = -7*f**2 + 13*f + 9. Calculate a(3).
-15
Let g(i) = -i**3 - 9*i**2 - i - 15. Determine g(-9).
-6
Let b(o) = o**2 - 6*o. Give b(-7).
91
Let h(t) = -29*t + 176. Give h(6).
2
Let s(h) = -19*h - 1. Give s(-1).
18
Let r(k) = 3*k**3 - 3*k**2 - 4*k. Calculate r(-3).
-96
Let x(q) = -q**2 - 95*q - 358. Give x(-4).
6
Let w(c) = 23*c**3 + 2*c**2 + c - 2. Calculate w(1).
24
Let m(n) = n**2 - 57. Calculate m(0).
-57
Let r(h) = h**3 + 6*h**2 + 9*h + 6. Determine r(-3).
6
Let b(f) = -f**3 - 3*f**2 - f - 1. Determine b(-4).
19
Let h(d) = -2*d**2 + 15*d + 10